{"id":37,"date":"2015-04-15T13:19:58","date_gmt":"2015-04-15T10:19:58","guid":{"rendered":"http:\/\/gymparkcimnastik.com\/?page_id=37"},"modified":"2023-10-14T23:02:16","modified_gmt":"2023-10-14T20:02:16","slug":"iletisim","status":"publish","type":"page","link":"http:\/\/gymparkcimnastik.com\/?page_id=37","title":{"rendered":"\u0130leti\u015fim"},"content":{"rendered":"<h4><b><img decoding=\"async\" loading=\"lazy\" src=\"http:\/\/gymparkcimnastik.com\/eskiweb\/images\/icons\/ico_home.png\" alt=\"Address\" width=\"16\" height=\"16\" \/>\u00a0GYMPARK Cimnastik Okulu\u00a0<\/b><\/h4>\n<ul class=\"list-unstyled who\">\n<li>Tarabya Bay\u0131r\u0131 Caddesi Ordular Sokak No: 1<\/li>\n<li>(Tarabya Bay\u0131r\u0131 Carrefour un kar\u015f\u0131 soka\u011f\u0131 )<\/li>\n<li>Tarabya\u00a0 Mahallesi<\/li>\n<li>\u00a0Sar\u0131yer \/ \u0130stanbul<i class=\"fa fa-envelope\"><\/i><br \/>\n<i class=\"fa fa-globe\"><\/i><\/li>\n<\/ul>\n<p><img decoding=\"async\" loading=\"lazy\" src=\"http:\/\/gymparkcimnastik.com\/eskiweb\/images\/icons\/ico_phone.png\" alt=\"Phone\" width=\"16\" height=\"16\" \/>\u00a0\u00a0\u00a0+90 0535 863 25 88<\/p>\n<p><img decoding=\"async\" loading=\"lazy\" src=\"http:\/\/gymparkcimnastik.com\/eskiweb\/images\/icons\/ico_mail.png\" alt=\"Email\" width=\"16\" height=\"16\" \/> gymparkcimnastik@gmail.com<\/p>\n<h6><a href=\"http:\/\/bilgisayartamiri.com.tr\/\">Web dizayn By Soto<\/a><\/h6>\n","protected":false},"excerpt":{"rendered":"<p>\u00a0GYMPARK Cimnastik Okulu\u00a0 Tarabya Bay\u0131r\u0131 Caddesi Ordular Sokak No: 1 (Tarabya Bay\u0131r\u0131 Carrefour un kar\u015f\u0131 soka\u011f\u0131 ) Tarabya\u00a0 Mahallesi \u00a0Sar\u0131yer \/ \u0130stanbul \u00a0\u00a0\u00a0+90 0535 863 25 88 gymparkcimnastik@gmail.com Web dizayn By Soto<\/p>\n","protected":false},"author":1,"featured_media":0,"parent":0,"menu_order":0,"comment_status":"closed","ping_status":"open","template":"page-full-width.php","meta":{"footnotes":""},"yoast_head":"<!-- This site is optimized with the Yoast SEO plugin v21.3 - https:\/\/yoast.com\/wordpress\/plugins\/seo\/ -->\n<title>\u0130leti\u015fim - Gympark<\/title>\n<meta name=\"robots\" content=\"index, follow, max-snippet:-1, max-image-preview:large, max-video-preview:-1\" \/>\n<link rel=\"canonical\" href=\"http:\/\/gymparkcimnastik.com\/?page_id=37\" \/>\n<meta property=\"og:locale\" content=\"tr_TR\" \/>\n<meta property=\"og:type\" content=\"article\" \/>\n<meta property=\"og:title\" content=\"\u0130leti\u015fim - Gympark\" \/>\n<meta property=\"og:description\" content=\"\u00a0GYMPARK Cimnastik Okulu\u00a0 Tarabya Bay\u0131r\u0131 Caddesi Ordular Sokak No: 1 (Tarabya Bay\u0131r\u0131 Carrefour un kar\u015f\u0131 soka\u011f\u0131 ) Tarabya\u00a0 Mahallesi \u00a0Sar\u0131yer \/ \u0130stanbul \u00a0\u00a0\u00a0+90 0535 863 25 88 gymparkcimnastik@gmail.com Web dizayn By Soto\" \/>\n<meta property=\"og:url\" content=\"http:\/\/gymparkcimnastik.com\/?page_id=37\" \/>\n<meta property=\"og:site_name\" content=\"Gympark\" \/>\n<meta property=\"article:publisher\" content=\"https:\/\/tr-tr.facebook.com\/Gympark-325248094165913\/\" \/>\n<meta property=\"article:modified_time\" content=\"2023-10-14T20:02:16+00:00\" \/>\n<meta property=\"og:image\" content=\"http:\/\/gymparkcimnastik.com\/eskiweb\/images\/icons\/ico_home.png\" \/>\n<meta name=\"twitter:card\" content=\"summary_large_image\" \/>\n<meta name=\"twitter:label1\" content=\"Tahmini okuma s\u00fcresi\" \/>\n\t<meta name=\"twitter:data1\" content=\"1 dakika\" \/>\n<script type=\"application\/ld+json\" class=\"yoast-schema-graph\">{\"@context\":\"https:\/\/schema.org\",\"@graph\":[{\"@type\":\"WebPage\",\"@id\":\"http:\/\/gymparkcimnastik.com\/?page_id=37\",\"url\":\"http:\/\/gymparkcimnastik.com\/?page_id=37\",\"name\":\"\u0130leti\u015fim - Gympark\",\"isPartOf\":{\"@id\":\"http:\/\/gymparkcimnastik.com\/#website\"},\"datePublished\":\"2015-04-15T10:19:58+00:00\",\"dateModified\":\"2023-10-14T20:02:16+00:00\",\"breadcrumb\":{\"@id\":\"http:\/\/gymparkcimnastik.com\/?page_id=37#breadcrumb\"},\"inLanguage\":\"tr\",\"potentialAction\":[{\"@type\":\"ReadAction\",\"target\":[\"http:\/\/gymparkcimnastik.com\/?page_id=37\"]}]},{\"@type\":\"BreadcrumbList\",\"@id\":\"http:\/\/gymparkcimnastik.com\/?page_id=37#breadcrumb\",\"itemListElement\":[{\"@type\":\"ListItem\",\"position\":1,\"name\":\"Ana sayfa\",\"item\":\"http:\/\/gymparkcimnastik.com\/\"},{\"@type\":\"ListItem\",\"position\":2,\"name\":\"\u0130leti\u015fim\"}]},{\"@type\":\"WebSite\",\"@id\":\"http:\/\/gymparkcimnastik.com\/#website\",\"url\":\"http:\/\/gymparkcimnastik.com\/\",\"name\":\"Gympark\",\"description\":\"Gympark Cimnastik Okulu\",\"publisher\":{\"@id\":\"http:\/\/gymparkcimnastik.com\/#organization\"},\"potentialAction\":[{\"@type\":\"SearchAction\",\"target\":{\"@type\":\"EntryPoint\",\"urlTemplate\":\"http:\/\/gymparkcimnastik.com\/?s={search_term_string}\"},\"query-input\":\"required name=search_term_string\"}],\"inLanguage\":\"tr\"},{\"@type\":\"Organization\",\"@id\":\"http:\/\/gymparkcimnastik.com\/#organization\",\"name\":\"Gympark cimnastik\",\"url\":\"http:\/\/gymparkcimnastik.com\/\",\"logo\":{\"@type\":\"ImageObject\",\"inLanguage\":\"tr\",\"@id\":\"http:\/\/gymparkcimnastik.com\/#\/schema\/logo\/image\/\",\"url\":\"http:\/\/gymparkcimnastik.com\/wp-content\/uploads\/logoo-1.jpg\",\"contentUrl\":\"http:\/\/gymparkcimnastik.com\/wp-content\/uploads\/logoo-1.jpg\",\"width\":397,\"height\":390,\"caption\":\"Gympark cimnastik\"},\"image\":{\"@id\":\"http:\/\/gymparkcimnastik.com\/#\/schema\/logo\/image\/\"},\"sameAs\":[\"https:\/\/tr-tr.facebook.com\/Gympark-325248094165913\/\",\"https:\/\/www.instagram.com\/gymparkcimnastik\/?hl=tr\"]}]}<\/script>\n<!-- \/ Yoast SEO plugin. -->","yoast_head_json":{"title":"\u0130leti\u015fim - Gympark","robots":{"index":"index","follow":"follow","max-snippet":"max-snippet:-1","max-image-preview":"max-image-preview:large","max-video-preview":"max-video-preview:-1"},"canonical":"http:\/\/gymparkcimnastik.com\/?page_id=37","og_locale":"tr_TR","og_type":"article","og_title":"\u0130leti\u015fim - Gympark","og_description":"\u00a0GYMPARK Cimnastik Okulu\u00a0 Tarabya Bay\u0131r\u0131 Caddesi Ordular Sokak No: 1 (Tarabya Bay\u0131r\u0131 Carrefour un kar\u015f\u0131 soka\u011f\u0131 ) Tarabya\u00a0 Mahallesi \u00a0Sar\u0131yer \/ \u0130stanbul \u00a0\u00a0\u00a0+90 0535 863 25 88 gymparkcimnastik@gmail.com Web dizayn By Soto","og_url":"http:\/\/gymparkcimnastik.com\/?page_id=37","og_site_name":"Gympark","article_publisher":"https:\/\/tr-tr.facebook.com\/Gympark-325248094165913\/","article_modified_time":"2023-10-14T20:02:16+00:00","og_image":[{"url":"http:\/\/gymparkcimnastik.com\/eskiweb\/images\/icons\/ico_home.png"}],"twitter_card":"summary_large_image","twitter_misc":{"Tahmini okuma s\u00fcresi":"1 dakika"},"schema":{"@context":"https:\/\/schema.org","@graph":[{"@type":"WebPage","@id":"http:\/\/gymparkcimnastik.com\/?page_id=37","url":"http:\/\/gymparkcimnastik.com\/?page_id=37","name":"\u0130leti\u015fim - Gympark","isPartOf":{"@id":"http:\/\/gymparkcimnastik.com\/#website"},"datePublished":"2015-04-15T10:19:58+00:00","dateModified":"2023-10-14T20:02:16+00:00","breadcrumb":{"@id":"http:\/\/gymparkcimnastik.com\/?page_id=37#breadcrumb"},"inLanguage":"tr","potentialAction":[{"@type":"ReadAction","target":["http:\/\/gymparkcimnastik.com\/?page_id=37"]}]},{"@type":"BreadcrumbList","@id":"http:\/\/gymparkcimnastik.com\/?page_id=37#breadcrumb","itemListElement":[{"@type":"ListItem","position":1,"name":"Ana sayfa","item":"http:\/\/gymparkcimnastik.com\/"},{"@type":"ListItem","position":2,"name":"\u0130leti\u015fim"}]},{"@type":"WebSite","@id":"http:\/\/gymparkcimnastik.com\/#website","url":"http:\/\/gymparkcimnastik.com\/","name":"Gympark","description":"Gympark Cimnastik Okulu","publisher":{"@id":"http:\/\/gymparkcimnastik.com\/#organization"},"potentialAction":[{"@type":"SearchAction","target":{"@type":"EntryPoint","urlTemplate":"http:\/\/gymparkcimnastik.com\/?s={search_term_string}"},"query-input":"required name=search_term_string"}],"inLanguage":"tr"},{"@type":"Organization","@id":"http:\/\/gymparkcimnastik.com\/#organization","name":"Gympark cimnastik","url":"http:\/\/gymparkcimnastik.com\/","logo":{"@type":"ImageObject","inLanguage":"tr","@id":"http:\/\/gymparkcimnastik.com\/#\/schema\/logo\/image\/","url":"http:\/\/gymparkcimnastik.com\/wp-content\/uploads\/logoo-1.jpg","contentUrl":"http:\/\/gymparkcimnastik.com\/wp-content\/uploads\/logoo-1.jpg","width":397,"height":390,"caption":"Gympark cimnastik"},"image":{"@id":"http:\/\/gymparkcimnastik.com\/#\/schema\/logo\/image\/"},"sameAs":["https:\/\/tr-tr.facebook.com\/Gympark-325248094165913\/","https:\/\/www.instagram.com\/gymparkcimnastik\/?hl=tr"]}]}},"_links":{"self":[{"href":"http:\/\/gymparkcimnastik.com\/index.php?rest_route=\/wp\/v2\/pages\/37"}],"collection":[{"href":"http:\/\/gymparkcimnastik.com\/index.php?rest_route=\/wp\/v2\/pages"}],"about":[{"href":"http:\/\/gymparkcimnastik.com\/index.php?rest_route=\/wp\/v2\/types\/page"}],"author":[{"embeddable":true,"href":"http:\/\/gymparkcimnastik.com\/index.php?rest_route=\/wp\/v2\/users\/1"}],"replies":[{"embeddable":true,"href":"http:\/\/gymparkcimnastik.com\/index.php?rest_route=%2Fwp%2Fv2%2Fcomments&post=37"}],"version-history":[{"count":25,"href":"http:\/\/gymparkcimnastik.com\/index.php?rest_route=\/wp\/v2\/pages\/37\/revisions"}],"predecessor-version":[{"id":143,"href":"http:\/\/gymparkcimnastik.com\/index.php?rest_route=\/wp\/v2\/pages\/37\/revisions\/143"}],"wp:attachment":[{"href":"http:\/\/gymparkcimnastik.com\/index.php?rest_route=%2Fwp%2Fv2%2Fmedia&parent=37"}],"curies":[{"name":"wp","href":"https:\/\/api.w.org\/{rel}","templated":true}]}}