{"id":46,"date":"2015-04-15T13:35:41","date_gmt":"2015-04-15T10:35:41","guid":{"rendered":"http:\/\/gymparkcimnastik.com\/?page_id=46"},"modified":"2019-12-05T23:12:08","modified_gmt":"2019-12-05T21:12:08","slug":"dogum-gunu","status":"publish","type":"page","link":"http:\/\/gymparkcimnastik.com\/?page_id=46","title":{"rendered":"Do\u011fum g\u00fcn\u00fc"},"content":{"rendered":"<p><a href=\"http:\/\/gymparkcimnastik.com\/wp-content\/uploads\/h_ritmik_jimnastik.jpg\"><img decoding=\"async\" loading=\"lazy\" class=\"alignnone size-full wp-image-122\" src=\"http:\/\/gymparkcimnastik.com\/wp-content\/uploads\/h_ritmik_jimnastik.jpg\" alt=\"\" width=\"1000\" height=\"957\" srcset=\"http:\/\/gymparkcimnastik.com\/wp-content\/uploads\/h_ritmik_jimnastik.jpg 1000w, http:\/\/gymparkcimnastik.com\/wp-content\/uploads\/h_ritmik_jimnastik-300x287.jpg 300w, http:\/\/gymparkcimnastik.com\/wp-content\/uploads\/h_ritmik_jimnastik-768x735.jpg 768w\" sizes=\"(max-width: 1000px) 100vw, 1000px\" \/><\/a><\/p>\n","protected":false},"excerpt":{"rendered":"","protected":false},"author":1,"featured_media":0,"parent":0,"menu_order":0,"comment_status":"closed","ping_status":"open","template":"","meta":{"footnotes":""},"yoast_head":"<!-- This site is optimized with the Yoast SEO plugin v21.3 - https:\/\/yoast.com\/wordpress\/plugins\/seo\/ -->\n<title>Do\u011fum g\u00fcn\u00fc - Gympark<\/title>\n<meta name=\"robots\" content=\"index, follow, max-snippet:-1, max-image-preview:large, max-video-preview:-1\" \/>\n<link rel=\"canonical\" href=\"http:\/\/gymparkcimnastik.com\/?page_id=46\" \/>\n<meta property=\"og:locale\" content=\"tr_TR\" \/>\n<meta property=\"og:type\" content=\"article\" \/>\n<meta property=\"og:title\" content=\"Do\u011fum g\u00fcn\u00fc - Gympark\" \/>\n<meta property=\"og:url\" content=\"http:\/\/gymparkcimnastik.com\/?page_id=46\" \/>\n<meta property=\"og:site_name\" content=\"Gympark\" \/>\n<meta property=\"article:publisher\" content=\"https:\/\/tr-tr.facebook.com\/Gympark-325248094165913\/\" \/>\n<meta property=\"article:modified_time\" content=\"2019-12-05T21:12:08+00:00\" \/>\n<meta property=\"og:image\" content=\"http:\/\/gymparkcimnastik.com\/wp-content\/uploads\/h_ritmik_jimnastik.jpg\" \/>\n<meta name=\"twitter:card\" content=\"summary_large_image\" \/>\n<script type=\"application\/ld+json\" class=\"yoast-schema-graph\">{\"@context\":\"https:\/\/schema.org\",\"@graph\":[{\"@type\":\"WebPage\",\"@id\":\"http:\/\/gymparkcimnastik.com\/?page_id=46\",\"url\":\"http:\/\/gymparkcimnastik.com\/?page_id=46\",\"name\":\"Do\u011fum g\u00fcn\u00fc - Gympark\",\"isPartOf\":{\"@id\":\"http:\/\/gymparkcimnastik.com\/#website\"},\"datePublished\":\"2015-04-15T10:35:41+00:00\",\"dateModified\":\"2019-12-05T21:12:08+00:00\",\"breadcrumb\":{\"@id\":\"http:\/\/gymparkcimnastik.com\/?page_id=46#breadcrumb\"},\"inLanguage\":\"tr\",\"potentialAction\":[{\"@type\":\"ReadAction\",\"target\":[\"http:\/\/gymparkcimnastik.com\/?page_id=46\"]}]},{\"@type\":\"BreadcrumbList\",\"@id\":\"http:\/\/gymparkcimnastik.com\/?page_id=46#breadcrumb\",\"itemListElement\":[{\"@type\":\"ListItem\",\"position\":1,\"name\":\"Ana sayfa\",\"item\":\"http:\/\/gymparkcimnastik.com\/\"},{\"@type\":\"ListItem\",\"position\":2,\"name\":\"Do\u011fum g\u00fcn\u00fc\"}]},{\"@type\":\"WebSite\",\"@id\":\"http:\/\/gymparkcimnastik.com\/#website\",\"url\":\"http:\/\/gymparkcimnastik.com\/\",\"name\":\"Gympark\",\"description\":\"Gympark Cimnastik Okulu\",\"publisher\":{\"@id\":\"http:\/\/gymparkcimnastik.com\/#organization\"},\"potentialAction\":[{\"@type\":\"SearchAction\",\"target\":{\"@type\":\"EntryPoint\",\"urlTemplate\":\"http:\/\/gymparkcimnastik.com\/?s={search_term_string}\"},\"query-input\":\"required name=search_term_string\"}],\"inLanguage\":\"tr\"},{\"@type\":\"Organization\",\"@id\":\"http:\/\/gymparkcimnastik.com\/#organization\",\"name\":\"Gympark cimnastik\",\"url\":\"http:\/\/gymparkcimnastik.com\/\",\"logo\":{\"@type\":\"ImageObject\",\"inLanguage\":\"tr\",\"@id\":\"http:\/\/gymparkcimnastik.com\/#\/schema\/logo\/image\/\",\"url\":\"http:\/\/gymparkcimnastik.com\/wp-content\/uploads\/logoo-1.jpg\",\"contentUrl\":\"http:\/\/gymparkcimnastik.com\/wp-content\/uploads\/logoo-1.jpg\",\"width\":397,\"height\":390,\"caption\":\"Gympark cimnastik\"},\"image\":{\"@id\":\"http:\/\/gymparkcimnastik.com\/#\/schema\/logo\/image\/\"},\"sameAs\":[\"https:\/\/tr-tr.facebook.com\/Gympark-325248094165913\/\",\"https:\/\/www.instagram.com\/gymparkcimnastik\/?hl=tr\"]}]}<\/script>\n<!-- \/ Yoast SEO plugin. -->","yoast_head_json":{"title":"Do\u011fum g\u00fcn\u00fc - Gympark","robots":{"index":"index","follow":"follow","max-snippet":"max-snippet:-1","max-image-preview":"max-image-preview:large","max-video-preview":"max-video-preview:-1"},"canonical":"http:\/\/gymparkcimnastik.com\/?page_id=46","og_locale":"tr_TR","og_type":"article","og_title":"Do\u011fum g\u00fcn\u00fc - Gympark","og_url":"http:\/\/gymparkcimnastik.com\/?page_id=46","og_site_name":"Gympark","article_publisher":"https:\/\/tr-tr.facebook.com\/Gympark-325248094165913\/","article_modified_time":"2019-12-05T21:12:08+00:00","og_image":[{"url":"http:\/\/gymparkcimnastik.com\/wp-content\/uploads\/h_ritmik_jimnastik.jpg"}],"twitter_card":"summary_large_image","schema":{"@context":"https:\/\/schema.org","@graph":[{"@type":"WebPage","@id":"http:\/\/gymparkcimnastik.com\/?page_id=46","url":"http:\/\/gymparkcimnastik.com\/?page_id=46","name":"Do\u011fum g\u00fcn\u00fc - Gympark","isPartOf":{"@id":"http:\/\/gymparkcimnastik.com\/#website"},"datePublished":"2015-04-15T10:35:41+00:00","dateModified":"2019-12-05T21:12:08+00:00","breadcrumb":{"@id":"http:\/\/gymparkcimnastik.com\/?page_id=46#breadcrumb"},"inLanguage":"tr","potentialAction":[{"@type":"ReadAction","target":["http:\/\/gymparkcimnastik.com\/?page_id=46"]}]},{"@type":"BreadcrumbList","@id":"http:\/\/gymparkcimnastik.com\/?page_id=46#breadcrumb","itemListElement":[{"@type":"ListItem","position":1,"name":"Ana sayfa","item":"http:\/\/gymparkcimnastik.com\/"},{"@type":"ListItem","position":2,"name":"Do\u011fum g\u00fcn\u00fc"}]},{"@type":"WebSite","@id":"http:\/\/gymparkcimnastik.com\/#website","url":"http:\/\/gymparkcimnastik.com\/","name":"Gympark","description":"Gympark Cimnastik Okulu","publisher":{"@id":"http:\/\/gymparkcimnastik.com\/#organization"},"potentialAction":[{"@type":"SearchAction","target":{"@type":"EntryPoint","urlTemplate":"http:\/\/gymparkcimnastik.com\/?s={search_term_string}"},"query-input":"required name=search_term_string"}],"inLanguage":"tr"},{"@type":"Organization","@id":"http:\/\/gymparkcimnastik.com\/#organization","name":"Gympark cimnastik","url":"http:\/\/gymparkcimnastik.com\/","logo":{"@type":"ImageObject","inLanguage":"tr","@id":"http:\/\/gymparkcimnastik.com\/#\/schema\/logo\/image\/","url":"http:\/\/gymparkcimnastik.com\/wp-content\/uploads\/logoo-1.jpg","contentUrl":"http:\/\/gymparkcimnastik.com\/wp-content\/uploads\/logoo-1.jpg","width":397,"height":390,"caption":"Gympark cimnastik"},"image":{"@id":"http:\/\/gymparkcimnastik.com\/#\/schema\/logo\/image\/"},"sameAs":["https:\/\/tr-tr.facebook.com\/Gympark-325248094165913\/","https:\/\/www.instagram.com\/gymparkcimnastik\/?hl=tr"]}]}},"_links":{"self":[{"href":"http:\/\/gymparkcimnastik.com\/index.php?rest_route=\/wp\/v2\/pages\/46"}],"collection":[{"href":"http:\/\/gymparkcimnastik.com\/index.php?rest_route=\/wp\/v2\/pages"}],"about":[{"href":"http:\/\/gymparkcimnastik.com\/index.php?rest_route=\/wp\/v2\/types\/page"}],"author":[{"embeddable":true,"href":"http:\/\/gymparkcimnastik.com\/index.php?rest_route=\/wp\/v2\/users\/1"}],"replies":[{"embeddable":true,"href":"http:\/\/gymparkcimnastik.com\/index.php?rest_route=%2Fwp%2Fv2%2Fcomments&post=46"}],"version-history":[{"count":5,"href":"http:\/\/gymparkcimnastik.com\/index.php?rest_route=\/wp\/v2\/pages\/46\/revisions"}],"predecessor-version":[{"id":123,"href":"http:\/\/gymparkcimnastik.com\/index.php?rest_route=\/wp\/v2\/pages\/46\/revisions\/123"}],"wp:attachment":[{"href":"http:\/\/gymparkcimnastik.com\/index.php?rest_route=%2Fwp%2Fv2%2Fmedia&parent=46"}],"curies":[{"name":"wp","href":"https:\/\/api.w.org\/{rel}","templated":true}]}}